
Convert c (base 16) to base 9.
13
Convert 4 (base 5) to base 7.
4
6 (base 16) to base 14
6
Convert b6 (base 13) to base 4.
2111
What is 1001 (base 2) in base 7?
12
Convert 6 (base 11) to base 4.
12
Convert 13 (base 4) to base 3.
21
Convert 2 (base 6) to base 14.
2
What is 0 (base 4) in base 13?
0
-10 (base 4) to base 3
-11
Convert -6 (base 15) to base 5.
-11
-35 (base 8) to base 2
-11101
22 (base 12) to base 10
26
What is 4 (base 12) in base 13?
4
-20 (base 8) to base 7
-22
13 (base 5) to base 10
8
Convert -11 (base 5) to base 15.
-6
-4 (base 11) to base 8
-4
What is -11 (base 10) in base 13?
-b
What is 4 (base 9) in base 15?
4
-2 (base 3) to base 9
-2
-6 (base 10) to base 14
-6
What is -17 (base 11) in base 4?
-102
What is 4 (base 6) in base 11?
4
Convert 4 (base 15) to base 16.
4
Convert -5 (base 7) to base 6.
-5
Convert 4 (base 13) to base 3.
11
123 (base 7) to base 5
231
Convert -3 (base 12) to base 15.
-3
21 (base 8) to base 13
14
2 (base 8) to base 13
2
What is -32 (base 12) in base 13?
-2c
What is -101 (base 2) in base 4?
-11
18a (base 12) to base 8
372
Convert -101 (base 9) to base 2.
-1010010
Convert 4 (base 8) to base 9.
4
-5 (base 16) to base 11
-5
Convert 46 (base 7) to base 8.
42
241 (base 8) to base 13
c5
Convert 0 (base 4) to base 11.
0
-11 (base 7) to base 3
-22
What is -6 (base 10) in base 2?
-110
What is -1 (base 7) in base 6?
-1
Convert 1 (base 14) to base 3.
1
What is -1 (base 13) in base 7?
-1
Convert 3 (base 7) to base 4.
3
-100 (base 2) to base 7
-4
What is 3 (base 4) in base 11?
3
Convert -13 (base 13) to base 10.
-16
What is 16 (base 15) in base 7?
30
What is -1122 (base 4) in base 14?
-66
What is -41 (base 6) in base 14?
-1b
1 (base 9) to base 4
1
What is 461 (base 8) in base 12?
215
Convert 11012 (base 3) to base 6.
305
What is -150 (base 6) in base 7?
-123
1 (base 5) to base 10
1
13 (base 4) to base 9
7
Convert 4 (base 10) to base 4.
10
-3 (base 7) to base 15
-3
-c (base 15) to base 12
-10
Convert -3 (base 12) to base 15.
-3
What is 2 (base 11) in base 15?
2
What is 20 (base 4) in base 11?
8
Convert 0 (base 2) to base 6.
0
1 (base 15) to base 10
1
-11 (base 16) to base 3
-122
What is -33 (base 14) in base 12?
-39
Convert 1 (base 11) to base 15.
1
What is -a (base 12) in base 2?
-1010
-1 (base 11) to base 6
-1
What is -11 (base 7) in base 8?
-10
-1 (base 14) to base 12
-1
1d (base 15) to base 5
103
-233 (base 7) to base 8
-172
Convert -2 (base 8) to base 16.
-2
Convert 11 (base 5) to base 3.
20
Convert 2110 (base 3) to base 13.
51
Convert 5 (base 9) to base 10.
5
What is -11 (base 3) in base 9?
-4
What is -114 (base 11) in base 9?
-161
What is -24 (base 8) in base 14?
-16
What is 12 (base 4) in base 2?
110
6 (base 11) to base 16
6
-3 (base 8) to base 11
-3
Convert -16 (base 9) to base 16.
-f
34 (base 15) to base 3
1211
What is 2112 (base 4) in base 2?
10010110
-193 (base 12) to base 3
-100110
Convert -10 (base 6) to base 4.
-12
What is -4 (base 5) in base 15?
-4
-11 (base 11) to base 14
-c
What is 20 (base 3) in base 7?
6
What is 1 (base 7) in base 9?
1
What is 1 (base 2) in base 6?
1
12 (base 14) to base 8
20
Convert 0 (base 11) to base 7.
0
Convert d (base 15) to base 11.
12
-122 (base 3) to base 6
-25
Convert -1133 (base 4) to base 13.
-74
What is 4 (base 9) in base 4?
10
Convert 10 (base 9) to base 7.
12
1 (base 2) to base 5
1
Convert 14 (base 5) to base 14.
9
Convert -203 (base 4) to base 6.
-55
73 (base 14) to base 4
1211
-81 (base 12) to base 13
-76
Convert 66 (base 9) to base 8.
74
-1021 (base 3) to base 16
-22
Convert -22 (base 6) to base 8.
-16
-1 (base 4) to base 10
-1
What is -151 (base 11) in base 7?
-342
What is 1 (base 13) in base 14?
1
What is 11 (base 2) in base 15?
3
-130 (base 6) to base 16
-36
362 (base 9) to base 10
299
Convert -1 (base 16) to base 11.
-1
24 (base 7) to base 12
16
Convert 7 (base 8) to base 5.
12
What is 187 (base 9) in base 3?
12221
-133 (base 4) to base 15
-21
Convert -29 (base 12) to base 6.
-53
1 (base 13) to base 10
1
4 (base 7) to base 2
100
Convert 226 (base 8) to base 15.
a0
-1 (base 15) to base 16
-1
What is -157 (base 9) in base 11?
-111
What is -44 (base 11) in base 10?
-48
-310 (base 5) to base 3
-2222
10 (base 5) to base 13
5
Convert -58 (base 9) to base 16.
-35
0 (base 5) to base 6
0
-20 (base 4) to base 7
-11
311 (base 4) to base 9
58
3 (base 4) to base 16
3
-332 (base 7) to base 11
-145
Convert 43 (base 6) to base 9.
30
What is 11 (base 8) in base 5?
14
What is 5 (base 9) in base 5?
10
What is 86 (base 13) in base 7?
215
11 (base 2) to base 5
3
What is -1 (base 15) in base 9?
-1
What is -60 (base 14) in base 3?
-10010
25 (base 10) to base 6
41
-5 (base 6) to base 3
-12
-213 (base 6) to base 10
-81
What is -5 (base 8) in base 13?
-5
-1 (base 13) to base 12
-1
What is -11010 (base 2) in base 12?
-22
What is -2 (base 6) in base 9?
-2
What is a (base 12) in base 3?
101
Convert 4 (base 5) to base 4.
10
12002 (base 3) to base 11
115
Convert 1021 (base 5) to base 10.
136
What is 11 (base 4) in base 9?
5
-61 (base 16) to base 3
-10121
Convert d (base 15) to base 10.
13
23 (base 15) to base 12
29
What is -2 (base 14) in base 16?
-2
1 (base 11) to base 4
1
-24 (base 7) to base 8
-22
Convert -17 (base 12) to base 13.
-16
4 (base 15) to base 16
4
Convert -1 (base 11) to base 6.
-1
-4 (base 9) to base 4
-10
Convert 50 (base 12) to base 15.
40
6 (base 8) to base 4
12
Convert 32 (base 14) to base 15.
2e
Convert -43 (base 5) to base 8.
-27
-2c (base 16) to base 3
-1122
What is -15 (base 6) in base 8?
-13
Convert -19 (base 10) to base 14.
-15
-5 (base 16) to base 14
-5
What is 25 (base 9) in base 10?
23
Convert 217 (base 8) to base 12.
bb
Convert 132 (base 5) to base 7.
60
What is 16 (base 14) in base 9?
22
-2 (base 11) to base 9
-2
What is 11212 (base 3) in base 10?
131
-1101 (base 2) to base 9
-14
-55 (base 15) to base 4
-1100
Convert 5 (base 15) to base 14.
5
-21 (base 12) to base 3
-221
Convert -27 (base 8) to base 5.
-43
What is 3 (base 9) in base 3?
10
What is 10 (base 7) in base 16?
7
-100 (base 2) to base 14
-4
48 (base 10) to base 5
143
Convert 1 (base 10) to base 7.
1
5 (base 13) to base 16
5
-35 (base 7) to base 2
-11010
What is -101110 (base 2) in base 15?
-31
33 (base 7) to base 2
11000
Convert -11 (base 9) to base 12.
-a
Convert -34 (base 6) to base 2.
-10110
What is -5 (base 6) in base 12?
-5
Convert 5 (base 6) to base 14.
5
Convert -24 (base 15) to base 4.
-202
What is 30 (base 16) in base 2?
110000
What is 23 (base 14) in base 2?
11111
Convert 1 (base 14) to base 11.
1
-213 (base 5) to base 4
-322
What is 1f (base 16) in base 6?
51
What is -14 (base 12) in base 10?
-16
What is -12 (base 13) in base 14?
-11
Convert 10 (base 9) to base 2.
1001
What is -1 (base 14) in base 2?
-1
-3 (base 16) to base 3
-10
0 (base 12) to base 2
0
-88 (base 14) to base 11
-aa
Convert 30 (base 11) to base 2.
100001
What is -200 (base 3) in base 15?
-13
2 (base 15) to base 14
2
What is 17 (base 10) in base 4?
101
What is -15 (base 8) in base 14?
-d
What is 10 (base 4) in base 13?
4
-2b (base 14) to base 2
-100111
-33 (base 16) to base 9
-56
Convert 29 (base 13) to base 12.
2b
What is -8 (base 10) in base 7?
-11
What is 2 (base 4) in base 2?
10
Convert -143 (base 6) to base 11.
-58
Convert 4 (base 11) to base 13.
4
-36 (base 8) to base 9
-33
What is -200 (base 4) in base 13?
-26
What is -a9 (base 11) in base 12?
-9b
-c9 (base 13) to base 3
-20010
What is -2 (base 3) in base 9?
-2
-5 (base 7) to base 10
-5
Convert 3 (base 10) to base 6.
3
What is -a3 (base 14) in base 4?
-2033
-1 (base 7) to base 13
-1
Convert 201 (base 3) to base 8.
23
What is -2 (base 6) in base 4?
-2
What is -a (base 16) in base 8?
-12
What is 5 (base 8) in base 2?
101
What is -3 (base 16) in base 7?
-3
What is 17 (base 11) in base 5?
33
1 (base 11) to base 14
1
What is -2 (base 13) in base 6?
-2
What is -1 (base 8) in base 9?
-1
What is 10011110 (base 2) in base 12?
112
What is -1011 (base 3) in base 12?
-27
Convert 0 (base 7) to base 10.
0
What is -17 (base 12) in base 3?
-201
What is 0 (base 5) in base 12?
0
Convert -43 (base 10) to base 8.
-53
What is -4 (base 16) in base 12?
-4
Convert -10212 (base 3) to base 2.
-1101000
Convert -4 (base 7) to base 16.
-4
-216 (base 9) to base 5
-1202
Convert 0 (base 6) to ba